Calculate the highest common factor of 45878 and 2842.
406
Calculate the greatest common factor of 182 and 596806.
14
What is the greatest common divisor of 1376271 and 117?
117
Calculate the highest common divisor of 855 and 71805.
15
Calculate the greatest common factor of 150 and 8145.
15
What is the greatest common factor of 202842 and 25594?
382
Calculate the highest common divisor of 2088 and 2007.
9
Calculate the highest common divisor of 7289588 and 124.
124
What is the highest common divisor of 23153 and 411?
137
What is the highest common factor of 1492 and 116?
4
What is the highest common factor of 3655135 and 5?
5
What is the greatest common factor of 12947 and 23353?
121
What is the greatest common divisor of 4930 and 3364?
58
Calculate the highest common divisor of 234 and 425322.
18
Calculate the highest common divisor of 68709 and 111.
111
Calculate the greatest common divisor of 465 and 221185.
155
Calculate the highest common divisor of 186964 and 817.
43
What is the highest common factor of 161 and 17825?
23
What is the highest common divisor of 7729 and 26462?
131
What is the greatest common factor of 1131826 and 51?
17
What is the highest common factor of 136 and 95132?
68
Calculate the greatest common factor of 53214 and 392.
98
Calculate the highest common factor of 5682 and 13855557.
2841
Calculate the greatest common divisor of 1485 and 76545.
135
What is the greatest common divisor of 137124 and 180?
36
Calculate the greatest common factor of 539 and 1771.
77
Calculate the highest common factor of 64413 and 102.
51
Calculate the greatest common factor of 2292 and 91489.
191
Calculate the highest common factor of 9 and 172674.
9
What is the highest common divisor of 1646351 and 343?
49
What is the greatest common factor of 272228 and 2?
2
What is the highest common factor of 1681465 and 915?
305
What is the greatest common factor of 273 and 7880691?
273
What is the highest common divisor of 27 and 7989?
3
What is the highest common divisor of 4675 and 655350?
425
What is the highest common divisor of 26 and 211198?
26
Calculate the highest common divisor of 20436 and 24.
12
Calculate the greatest common divisor of 13695 and 45.
15
What is the greatest common factor of 325686 and 357?
51
What is the greatest common divisor of 98328 and 3468?
204
What is the greatest common factor of 107506 and 245?
49
What is the greatest common factor of 1138695 and 15?
15
What is the greatest common factor of 4340 and 790748?
868
What is the greatest common factor of 25957 and 404?
101
Calculate the greatest common divisor of 775929 and 2079.
231
Calculate the highest common divisor of 1842 and 20569.
307
Calculate the highest common factor of 2660 and 70220.
20
Calculate the greatest common divisor of 95918 and 10746.
398
What is the highest common divisor of 928 and 144?
16
What is the highest common divisor of 4103 and 6567?
11
Calculate the highest common divisor of 1149265 and 65.
65
Calculate the greatest common divisor of 93 and 509175.
93
What is the highest common divisor of 919 and 49?
1
What is the highest common divisor of 14128 and 16?
16
Calculate the highest common factor of 600 and 688.
8
What is the greatest common factor of 700973 and 182?
91
Calculate the greatest common factor of 17428 and 204.
4
Calculate the greatest common divisor of 5402 and 10878.
74
What is the highest common divisor of 138 and 6141?
69
What is the highest common factor of 323 and 3383?
17
What is the highest common divisor of 121052 and 159?
53
What is the highest common factor of 11610 and 30315?
645
Calculate the highest common factor of 30231 and 747.
9
Calculate the greatest common factor of 1854 and 2238.
6
Calculate the highest common factor of 75 and 47650.
25
What is the highest common factor of 331041 and 51?
51
Calculate the greatest common divisor of 9 and 1001277.
9
Calculate the greatest common divisor of 174582 and 244.
122
What is the greatest common factor of 9472602 and 114?
114
Calculate the greatest common divisor of 3058 and 2599022.
278
Calculate the highest common factor of 70 and 9170.
70
What is the highest common divisor of 21707443 and 19?
19
Calculate the greatest common factor of 524 and 216412.
524
What is the greatest common divisor of 37030 and 7966?
14
Calculate the greatest common factor of 1423065 and 105.
105
What is the greatest common divisor of 28462 and 2354?
214
What is the greatest common factor of 2765 and 3955?
35
What is the highest common divisor of 2224 and 84234?
278
Calculate the greatest common divisor of 44785 and 1325.
265
Calculate the highest common factor of 148 and 78366.
74
Calculate the highest common factor of 240518 and 241.
241
What is the highest common divisor of 19388 and 1036?
148
What is the highest common factor of 559064 and 88?
88
Calculate the greatest common divisor of 84342 and 138.
6
What is the highest common factor of 455284 and 172?
172
What is the greatest common divisor of 1855 and 20935?
265
Calculate the highest common divisor of 425 and 3910.
85
Calculate the highest common factor of 2079 and 47201.
77
What is the highest common divisor of 13696 and 9202?
214
What is the greatest common divisor of 1300474 and 798?
266
What is the highest common factor of 1574555 and 145?
145
What is the greatest common factor of 8395 and 4015?
365
Calculate the greatest common divisor of 6005348 and 788.
788
Calculate the highest common divisor of 5713 and 928.
29
Calculate the highest common factor of 3800 and 1007.
19
What is the greatest common factor of 54 and 25245?
27
Calculate the greatest common divisor of 155 and 6470.
5
Calculate the highest common factor of 30963 and 3.
3
Calculate the greatest common divisor of 59807 and 11.
11
Calculate the greatest common divisor of 1070 and 810.
10
What is the highest common factor of 6856 and 136?
8
Calculate the highest common divisor of 6936 and 54621.
867
What is the highest common factor of 249031 and 393?
131
What is the greatest common divisor of 1612 and 1426?
62
What is the greatest common factor of 136 and 544?
136
What is the greatest common divisor of 154 and 1946?
14
Calculate the greatest common divisor of 6066 and 64367.
337
Calculate the highest common divisor of 166 and 6569948.
166
Calculate the greatest common factor of 1596 and 31752.
84
Calculate the highest common divisor of 754 and 120146.
26
What is the greatest common divisor of 477957 and 6?
3
Calculate the highest common divisor of 10164 and 1092.
84
What is the greatest common factor of 21776 and 848?
16
What is the greatest common factor of 102480 and 288652?
1708
What is the greatest common divisor of 61 and 806359?
61
What is the greatest common divisor of 6177 and 69339?
87
What is the highest common factor of 19698 and 1323?
147
What is the highest common divisor of 185570 and 770?
770
What is the highest common factor of 210 and 379232?
14
Calculate the highest common factor of 320 and 609080.
40
Calculate the greatest common factor of 9108 and 279.
9
Calculate the highest common factor of 159633 and 18.
9
What is the greatest common factor of 160 and 140240?
80
What is the highest common factor of 12597 and 454233?
741
What is the greatest common divisor of 312 and 17732?
52
Calculate the greatest common factor of 551 and 4712.
19
Calculate the highest common divisor of 8138 and 221.
13
What is the highest common divisor of 8625 and 250?
125
What is the highest common factor of 94344 and 24?
24
Calculate the highest common divisor of 1604157 and 7285.
1457
Calculate the greatest common divisor of 6787 and 22.
11
What is the highest common factor of 30 and 65355?
15
Calculate the greatest common factor of 1790 and 1150.
10
Calculate the highest common factor of 72 and 15300.
36
What is the greatest common factor of 22113 and 1323?
189
What is the greatest common factor of 229 and 15343?
229
Calculate the greatest common divisor of 21 and 597.
3
What is the greatest common factor of 11 and 6972361?
11
Calculate the greatest common factor of 81004 and 924.
308
What is the greatest common factor of 343 and 669536?
343
Calculate the highest common divisor of 2900 and 466175.
725
What is the highest common factor of 12643786 and 101?
101
Calculate